ate the highest common factor of 6 and 255.
3
What is the greatest common divisor of 20 and 230?
10
Calculate the greatest common factor of 451 and 82.
41
What is the highest common factor of 1372 and 4?
4
Calculate the highest common factor of 84 and 196.
28
Calculate the highest common factor of 99 and 792.
99
What is the highest common factor of 194 and 3686?
194
What is the greatest common divisor of 315 and 49?
7
What is the highest common divisor of 162 and 6?
6
Calculate the greatest common factor of 9 and 1125.
9
What is the highest common divisor of 1776 and 816?
48
What is the highest common divisor of 352 and 48?
16
Calculate the highest common factor of 25 and 55.
5
Calculate the greatest common divisor of 6 and 558.
6
What is the highest common divisor of 144 and 48?
48
Calculate the highest common factor of 516 and 24.
12
Calculate the highest common factor of 15 and 5815.
5
Calculate the greatest common divisor of 231 and 132.
33
What is the highest common divisor of 525 and 14?
7
What is the highest common divisor of 9 and 207?
9
What is the greatest common divisor of 24 and 208?
8
What is the highest common factor of 583 and 53?
53
What is the highest common divisor of 252 and 7434?
126
Calculate the greatest common divisor of 3008 and 235.
47
What is the greatest common factor of 332 and 3818?
166
What is the greatest common divisor of 68 and 68?
68
What is the highest common divisor of 72 and 88?
8
What is the greatest common divisor of 136 and 119?
17
What is the greatest common divisor of 624 and 288?
48
What is the greatest common divisor of 95 and 1121?
19
What is the highest common factor of 1247 and 2752?
43
Calculate the highest common factor of 344 and 24.
8
What is the highest common factor of 310 and 160?
10
Calculate the highest common factor of 110 and 20.
10
Calculate the greatest common factor of 467 and 4.
1
What is the greatest common divisor of 32 and 16000?
32
What is the highest common divisor of 156 and 39?
39
What is the highest common divisor of 19 and 209?
19
What is the greatest common divisor of 836 and 242?
22
Calculate the highest common divisor of 3601 and 13.
13
What is the greatest common factor of 4459 and 26?
13
Calculate the highest common factor of 24 and 216.
24
Calculate the greatest common factor of 729 and 18.
9
Calculate the greatest common factor of 62 and 2.
2
What is the greatest common factor of 136 and 4216?
136
Calculate the greatest common factor of 103041 and 9.
9
What is the greatest common factor of 85 and 1496?
17
Calculate the greatest common divisor of 504 and 14.
14
What is the highest common factor of 112 and 592?
16
What is the greatest common divisor of 48 and 1818?
6
What is the highest common divisor of 3 and 5?
1
What is the greatest common divisor of 5 and 1280?
5
What is the highest common divisor of 40 and 860?
20
Calculate the highest common factor of 287 and 164.
41
What is the highest common factor of 202 and 1717?
101
Calculate the highest common factor of 27208 and 32.
8
What is the highest common factor of 4002 and 174?
174
Calculate the highest common divisor of 336 and 40.
8
Calculate the highest common divisor of 469 and 7.
7
Calculate the highest common divisor of 87 and 725.
29
Calculate the highest common divisor of 53583 and 159.
159
What is the greatest common divisor of 275 and 165?
55
Calculate the highest common factor of 1541 and 67.
67
Calculate the highest common factor of 9344 and 16.
16
Calculate the greatest common divisor of 28 and 1379.
7
What is the highest common factor of 132 and 33?
33
Calculate the highest common divisor of 132200 and 200.
200
Calculate the greatest common factor of 34 and 7871.
17
Calculate the highest common factor of 1700 and 200.
100
Calculate the highest common divisor of 161 and 7.
7
What is the greatest common divisor of 189 and 42?
21
What is the highest common factor of 2 and 6?
2
Calculate the highest common factor of 39 and 68601.
39
Calculate the highest common divisor of 6160 and 64.
16
What is the highest common factor of 30294 and 81?
81
Calculate the greatest common divisor of 649 and 2360.
59
What is the greatest common divisor of 276 and 6?
6
Calculate the highest common divisor of 372 and 651.
93
What is the greatest common divisor of 135 and 2610?
45
Calculate the highest common divisor of 348 and 768.
12
Calculate the greatest common divisor of 285 and 30.
15
What is the highest common factor of 278 and 5?
1
What is the greatest common factor of 44 and 352?
44
Calculate the highest common factor of 68 and 16.
4
What is the highest common divisor of 7 and 5?
1
What is the greatest common divisor of 1560 and 435?
15
Calculate the highest common factor of 57 and 2679.
57
What is the greatest common divisor of 1292 and 136?
68
What is the greatest common factor of 490 and 110?
10
What is the greatest common factor of 18 and 2?
2
What is the greatest common factor of 603 and 2345?
67
What is the highest common factor of 712 and 8?
8
What is the greatest common factor of 4579 and 19?
19
What is the greatest common factor of 9755 and 10?
5
Calculate the greatest common factor of 16 and 4148.
4
Calculate the greatest common divisor of 286 and 792.
22
What is the greatest common factor of 5 and 1145?
5
Calculate the highest common factor of 2235 and 15.
15
What is the highest common divisor of 78 and 156?
78
What is the greatest common divisor of 44 and 253?
11
What is the greatest common factor of 536 and 8?
8
Calculate the highest common factor of 44 and 484.
44
Calculate the highest common divisor of 8 and 144.
8
What is the greatest common divisor of 53 and 159?
53
Calculate the highest common divisor of 88 and 143.
11
What is the highest common factor of 768 and 24?
24
Calculate the greatest common divisor of 189 and 27.
27
What is the greatest common factor of 342 and 1862?
38
Calculate the highest common factor of 2895 and 465.
15
What is the greatest common divisor of 5662 and 38?
38
Calculate the greatest common divisor of 126 and 27552.
42
What is the greatest common divisor of 81 and 333?
9
Calculate the highest common divisor of 1295 and 9324.
259
Calculate the greatest common factor of 1243 and 11.
11
Calculate the greatest common factor of 235 and 329.
47
Calculate the highest common factor of 605 and 30.
5
What is the highest common divisor of 224 and 12448?
32
Calculate the highest common divisor of 34 and 2210.
34
Calculate the highest common factor of 154 and 242.
22
What is the greatest common factor of 156 and 1014?
78
What is the greatest common factor of 92 and 184?
92
Calculate the highest common factor of 294 and 84.
42
Calculate the highest common factor of 8113 and 14.
7
What is the greatest common divisor of 85 and 1598?
17
What is the highest common divisor of 81 and 189?
27
Calculate the highest common divisor of 12201 and 83.
83
What is the highest common divisor of 36 and 135?
9
Calculate the greatest common divisor of 721 and 7.
7
What is the greatest common factor of 2 and 107?
1
Calculate the greatest common divisor of 135 and 351.
27
Calculate the highest common factor of 10 and 6810.
10
What is the greatest common divisor of 175 and 35?
35
What is the highest common factor of 2717 and 572?
143
Calculate the highest common divisor of 17 and 17833.
17
Calculate the highest common divisor of 518 and 5550.
74
Calculate the highest common factor of 19392 and 192.
192
What is the highest common factor of 27 and 135?
27
Calculate the greatest common divisor of 475 and 4.
1
What is the greatest common divisor of 20414 and 354?
118
Calculate the greatest common divisor of 12 and 99.
3
What is the greatest common divisor of 24 and 312?
24
What is the greatest common factor of 92 and 2369?
23
What is the greatest common divisor of 931 and 392?
49
Calculate the greatest common divisor of 34 and 3400.
34
What is the greatest common divisor of 230 and 1058?
46
Calculate the greatest common divisor of 12095 and 205.
205
Calculate the highest common factor of 9 and 261.
9
Calculate the highest common factor of 2480 and 120.
40
What is the highest common divisor of 52 and 702?
26
What is the greatest common divisor of 3 and 3?
3
Calculate the greatest common factor of 88 and 376.
8
